er?
True
Is 435533331 a composite number?
True
Is 127642751 prime?
True
Is 11139701 prime?
False
Is 40372099 a prime number?
False
Is 435428093 prime?
False
Is 173039 composite?
False
Is 1928499 a prime number?
False
Is 206384459 prime?
True
Is 29689441 a composite number?
True
Is 6222137 a prime number?
False
Is 98764987 prime?
True
Is 124709879 a prime number?
False
Is 9485851 a prime number?
True
Is 39426811 prime?
True
Is 1395981631 prime?
False
Is 818116919 composite?
False
Is 2579 composite?
False
Is 1962689 prime?
True
Is 634679951 composite?
False
Is 980365 prime?
False
Is 732997 prime?
True
Is 771937 a composite number?
False
Is 79739729 composite?
False
Is 36020681 a prime number?
True
Is 30176609 a composite number?
True
Is 12590859 prime?
False
Is 1273867 composite?
True
Is 75882809 prime?
False
Is 31253359 prime?
True
Is 23885713 composite?
False
Is 5059193 prime?
False
Is 132707087 composite?
True
Is 7031861 prime?
True
Is 18154427 prime?
True
Is 4075429 a composite number?
False
Is 905833 prime?
True
Is 66287411 composite?
True
Is 4736635 prime?
False
Is 41517361 a composite number?
False
Is 1379941 a prime number?
False
Is 11724641 a composite number?
True
Is 136970453 composite?
False
Is 1037909 a composite number?
True
Is 9849745 composite?
True
Is 29049743 a composite number?
False
Is 7766107 a prime number?
True
Is 4225673 prime?
False
Is 2905739 prime?
True
Is 134389517 a prime number?
True
Is 39819545 a composite number?
True
Is 126690251 composite?
False
Is 8324143 a composite number?
False
Is 271631435 prime?
False
Is 557926093 prime?
True
Is 103281161 prime?
True
Is 16834127 composite?
False
Is 7080089 a prime number?
False
Is 16845053 prime?
False
Is 25637151 a composite number?
True
Is 4979101 a prime number?
True
Is 64159703 a prime number?
False
Is 3078367 a prime number?
True
Is 4106201 composite?
True
Is 245836517 composite?
False
Is 418133942 a composite number?
True
Is 850097 composite?
True
Is 4274818 a composite number?
True
Is 168127 composite?
False
Is 2616941 prime?
True
Is 4024933 a prime number?
False
Is 12927101 composite?
True
Is 4142471 composite?
True
Is 1264331 composite?
False
Is 3585363 a composite number?
True
Is 296782891 prime?
True
Is 108705719 a prime number?
False
Is 350485657 a prime number?
True
Is 26951011 prime?
False
Is 452953 prime?
True
Is 103321 prime?
False
Is 1024700399 a composite number?
True
Is 20552635 a prime number?
False
Is 2867723 prime?
False
Is 139143801 a prime number?
False
Is 7898447 prime?
True
Is 652831 a prime number?
True
Is 11233757 composite?
False
Is 105631681 prime?
False
Is 1510991 a composite number?
False
Is 18764545 a prime number?
False
Is 68064539 composite?
False
Is 2016071 prime?
False
Is 54407609 composite?
False
Is 47189959 a prime number?
False
Is 11367971 composite?
True
Is 19550095 prime?
False
Is 2643863 a prime number?
False
Is 2745525439 a composite number?
True
Is 196249 composite?
True
Is 18905317 a prime number?
True
Is 764431 composite?
False
Is 488759653 a composite number?
False
Is 1194714449 a composite number?
False
Is 945431 prime?
True
Is 64491809 composite?
True
Is 28788979 a prime number?
True
Is 4350689 prime?
False
Is 2760841 prime?
False
Is 7329281 prime?
False
Is 77013809 a prime number?
True
Is 1699897 prime?
True
Is 86527511 composite?
True
Is 29704801 composite?
True
Is 6654363 a prime number?
False
Is 33099929 prime?
False
Is 2808691 a prime number?
False
Is 7712399 a prime number?
True
Is 1390371991 composite?
True
Is 4839493 composite?
True
Is 11113859 a composite number?
True
Is 87573671 a composite number?
True
Is 29560682 a composite number?
True
Is 30986899 a prime number?
True
Is 233932561 prime?
False
Is 148037243 a composite number?
False
Is 164550163 prime?
False
Is 131333 composite?
True
Is 12653903 a composite number?
False
Is 745211 composite?
True
Is 651667 composite?
False
Is 5623234 prime?
False
Is 1211146 prime?
False
Is 32008661 composite?
True
Is 3690707 a composite number?
True
Is 156295171 a composite number?
False
Is 3678431 a composite number?
False
Is 5180135 composite?
True
Is 5358947 a prime number?
False
Is 14139799 composite?
True
Is 115523 a composite number?
False
Is 41090591 prime?
True
Is 26050523 composite?
False
Is 33895663 composite?
True
Is 796046345 prime?
False
Is 725050078 a composite number?
True
Is 12088367 prime?
True
Is 11912237 a composite number?
False
Is 1131799 composite?
False
Is 106474531 a prime number?
True
Is 1031933 prime?
False
Is 2052821 a prime number?
True
Is 586867 composite?
True
Is 34332587 prime?
True
Is 773117 composite?
False
Is 7683707 a prime number?
True
Is 13942171 a composite number?
True
Is 3211561 prime?
False
Is 136415473 prime?
True
Is 1087186 prime?
False
Is 726437 a prime number?
False
Is 5483759 prime?
True
Is 4414895 a prime number?
False
Is 28452979 prime?
True
Is 1338371 a prime number?
True
Is 33707369 prime?
True
Is 26643629 prime?
True
Is 3645406 a prime number?
False
Is 15620513 a composite number?
False
Is 116992529 prime?
True
Is 55811861 a prime number?
False
Is 2515651 composite?
False
Is 600349 a prime number?
False
Is 3460049 a composite number?
False
Is 677939711 a composite number?
False
Is 1088519 prime?
True
Is 251011049 a prime number?
False
Is 18249289 composite?
True
Is 31067819 prime?
True
Is 58905421 a composite number?
False
Is 20387197 composite?
False
Is 30867737 prime?
True
Is 18462331 composite?
False
Is 175597651 prime?
False
Is 93371195 composite?
True
Is 29309671 a composite number?
False
Is 564169 prime?
False
Is 4203907 a composite number?
True
Is 636292203 a prime number?
False
Is 5887279 composite?
False
Is 5746337 a prime number?
True
Is 342441349 a prime number?
False
Is 254957 a prime number?
False
Is 1196837 a composite number?
False
Is 3650663 a prime number?
True
Is 163729 a composite number?
False
Is 132943 prime?
False
Is 117974641 a prime number?
True
Is 8189309 a composite number?
False
Is 2269511 prime?
False
Is 1231094203 a prime number?
True
Is 1023089 prime?
False
Is 4634823 composite?
True
Is 19374911 a composite number?
False
Is 142134709 prime?
True
Is 706697 a prime number?
False
Is 87809551 a composite number?
False
Is 3801211 a prime number?
True
Is 3059113 composite?
False
Is 34109659 a prime number?
False
Is 12138821 a composite number?
False
Is 1928687 a prime number?
True
Is 150727961 prime?
False
Is 20415995 prime?
False
Is 28334159 prime?
False
Is 15694955 a prime number?
False
Is 5662985 a prime number?
False
Is 15363969 a composite number?
True
Is 55071781 composite?
False
Is 32096287 a prime number?
True
Is 122884431 a composite number?
True
Is 9621463 a composite number?
False
Is 7395611 composite?
True
Is 3394187 a composite number?
True
Is 466090981 a composite number?
True
Is 729211 a prime number?
False
Is 897689303 composite?
True
Is 485587363 a composite number?
False
Is 491117423 a composite number?
True
Is 125286747 a prime number?
False
Is 20405497 a composite number?
True
Is 84815939 composite?
True
Is 29095553 a composite number?
False
Is 583727 a prime number?
True
Is 39290561 prime?
True
Is 41605267 a composite number?
True
Is 1554109 composite?
True
Is 131837 a composite number?
False
Is 4336685 a composite number?
True
Is 7412389 a prime number?
True
Is 1223143 a composite number?
True
Is 13666771 a composite number?
True
Is 2107859 a prime number?
False
Is 16855591 composite?
False
Is 3673937 prime?
True
Is 97051379 composite?
False
Is 8890166 composite?
True
Is 51859186 a composite number?
True
Is 5365631 composite?
False
Is 10454377 prime?
True
Is 2075453 composite?
False
Is 6538037 composite?
True
Is 3309961 a composite number?
False
Is 95322817 a prime number?
True
Is 21864509 a composite number?
False
Is 32899667 prime?
False
Is 6490843 a composite number?
True
Is 72621391 composite?
False
Is 10734527 composite?
True
Is 7389331 composite?
False
Is 4962239 a composite number?
False
Is 24351229 a prime number?
False
Is 23453233 prime?
True
Is 56433137 composite?
True
Is 28841809 a prime number?
False
Is 1749487 composite?
True
Is 65973 prime?
False
Is 3465139 a composite number?
False
Is 773495 composite?
True
Is 4928261 prime?
False
Is 31303 a prime number?
False
I